
167
In base 8, what is -5 - 51733?
-51740
In base 16, what is 13 + 37?
4a
In base 15, what is -70 + -298?
-318
In base 12, what is -5 + 23a3a8?
23a3a3
In base 6, what is 53 - -21?
114
In base 10, what is 72228 + -5?
72223
In base 12, what is -30971 + 0?
-30971
In base 9, what is -776620 - -2?
-776617
In base 5, what is -1444024 + -13?
-1444042
In base 16, what is 0 - 3789?
-3789
In base 2, what is 1000000001001001001101 + 101?
1000000001001001010010
In base 3, what is 12211120110 - -202?
12211121012
In base 15, what is 2c - -1cd?
20a
In base 15, what is -d - 3a?
-48
In base 7, what is 2213 - 221?
1662
In base 15, what is 7d45 + -a?
7d3a
In base 7, what is 13 - -42656?
43002
In base 3, what is 111110 - 100?
111010
In base 5, what is -342 - 11100?
-11442
In base 14, what is 99 + 315?
3b0
In base 2, what is -10101001100111111 + 0?
-10101001100111111
In base 16, what is 0 + -312d?
-312d
In base 5, what is 10 - 4040121?
-4040111
In base 13, what is 1220 + 82?
12a2
In base 15, what is -aca8 - 5?
-acad
In base 13, what is b4 - 462c?
-4548
In base 7, what is 230 + -444?
-214
In base 9, what is 1187876 + -1?
1187875
In base 2, what is 101 - 100100001110?
-100100001001
In base 9, what is 12 - -6346?
6358
In base 11, what is -9678 - 4?
-9681
In base 4, what is 1 + -1121131331?
-1121131330
In base 2, what is 10000 - 10011?
-11
In base 13, what is 230c + 9?
2318
In base 5, what is -1413132 - 32?
-1413214
In base 7, what is 14532 + -1350?
13152
In base 11, what is -8a + 1026?
a47
In base 8, what is 5537 - -5?
5544
In base 7, what is 126 - -1664?
2123
In base 9, what is -18685 + -385?
-20181
In base 3, what is 12012022 + -1?
12012021
In base 11, what is 4 + -8434?
-8430
In base 8, what is -10 + 141?
131
In base 14, what is -3 + -578a4?
-578a7
In base 16, what is 1a91e7 + 5?
1a91ec
In base 10, what is -146357 - -3?
-146354
In base 15, what is 1e1e8 + -c?
1e1db
In base 3, what is -12202122 + -2002?
-12211201
In base 5, what is 1 + -34010140?
-34010134
In base 4, what is 3 - -231103102?
231103111
In base 11, what is -a - 10377?
-10386
In base 14, what is 1 + 1104bb?
1104bc
In base 16, what is -1 + 3247d?
3247c
In base 11, what is 16 - 26099?
-26083
In base 13, what is 2 + 12a2b?
12a30
In base 3, what is 2 + -11222002101?
-11222002022
In base 8, what is -2062 - -153?
-1707
In base 6, what is -1 - 104214?
-104215
In base 2, what is -100101011 - 100010000110?
-100110110001
In base 5, what is 0 + -2010031?
-2010031
In base 10, what is -2 + 201623?
201621
In base 9, what is 71 - 351?
-270
In base 8, what is 15350 - -301?
15651
In base 14, what is -b - -17118?
1710b
In base 5, what is 10 + -413341?
-413331
In base 8, what is 5 + 625125?
625132
In base 8, what is 5 + 36014?
36021
In base 8, what is -1571 + 1401?
-170
In base 2, what is 10101110 + -1101010000010?
-1100111010100
In base 7, what is -1040004 - 1?
-1040005
In base 9, what is 1067 - 2815?
-1737
In base 9, what is -14 - -423?
408
In base 12, what is 248 + 851?
a99
In base 13, what is -1 - 758?
-759
In base 13, what is -2823c - 2?
-28241
In base 8, what is -3171536 - 4?
-3171542
In base 6, what is 10331 + -30?
10301
In base 4, what is 1020231310 + 3?
1020231313
In base 3, what is 2012212101120 + -10?
2012212101110
In base 15, what is 13b + 627?
763
In base 6, what is 31303 - 2?
31301
In base 11, what is -1 - -4704?
4703
In base 2, what is -101101111000110110 - 1?
-101101111000110111
In base 9, what is 527 - 5?
522
In base 4, what is -1313 - 1201302?
-1203221
In base 13, what is 27c1 + -9?
27b5
In base 7, what is 2 + -5224?
-5222
In base 4, what is 311222202 + -2?
311222200
In base 16, what is -9a7 + -20?
-9c7
In base 7, what is -1 + 21420?
21416
In base 6, what is 421 - 154044?
-153223
In base 12, what is 2b3 + -646?
-353
In base 5, what is -1 - 12312103?
-12312104
In base 9, what is 1066 - 1444?
-367
In base 15, what is 1 + 151d5?
151d6
In base 8, what is 426 + 437?
1065
In base 8, what is 3102 - 2377?
503
In base 12, what is -1a85 - 17b?
-2044
In base 13, what is -3c - -58?
19
In base 13, what is -20c + 2c54?
2a45
In base 10, what is -1154159 + 2?
-1154157
In base 6, what is 4425053 - -5?
4425102
In base 16, what is -2 - 15109?
-1510b
In base 4, what is 20023111 - 11?
20023100
In base 16, what is -7 + 4b63?
4b5c
In base 10, what is -8796 - -5?
-8791
In base 5, what is -4 - -321204?
321200
In base 4, what is -10032323 + 3?
-10032320
In base 13, what is 37 - 33c?
-305
In base 15, what is -2ec - 55?
-352
In base 8, what is -415 + 7735?
7320
In base 2, what is -100 + 10000001000101011111?
10000001000101011011
In base 9, what is 4 - 21703?
-21688
In base 2, what is -11101111100111101111 + 101?
-11101111100111101010
In base 4, what is 12300 - -103030?
121330
In base 6, what is -124 - 3351?
-3515
In base 16, what is 8e6 + 3e?
924
In base 12, what is -27 + -2aa?
-315
In base 2, what is 1011001001101000 + -11?
1011001001100101
In base 16, what is fb1 - 3?
fae
In base 8, what is -1743 - -1651?
-72
In base 12, what is a1502 - -5?
a1507
In base 4, what is -123300221 - -3?
-123300212
In base 4, what is -131 - -1303?
1112
In base 3, what is 1 - -111222021?
111222022
In base 4, what is -100221 - -201?
-100020
In base 2, what is 11101111010000 + 10?
11101111010010
In base 2, what is 1 + -1011101000?
-1011100111
In base 7, what is 3 + -15613?
-15610
In base 12, what is -30a2 - -32?
-3070
In base 16, what is -5 + 6d9e?
6d99
In base 6, what is 1 - 21214542?
-21214541
In base 11, what is -5 - 173a9?
-17403
In base 11, what is -3 - -407718?
407715
In base 4, what is 2301 - 2301110?
-2232203
In base 13, what is 18 - a65?
-a4a
In base 12, what is -2 + a642?
a640
In base 5, what is 3 + 11121224?
11121232
In base 2, what is -101011101011000 - 1?
-101011101011001
In base 12, what is 1956 - -29?
1983
In base 7, what is 140 - -4051?
4221
In base 16, what is 16cc + 27?
16f3
In base 7, what is 2345 - -36?
2414
In base 11, what is a09a + 225?
a314
In base 16, what is -1d38 + 1?
-1d37
In base 3, what is 12 - 12002000201?
-12002000112
In base 3, what is -102 + -10021012102?
-10021012211
In base 9, what is 3638 - -52?
3701
In base 6, what is -351 + 335232?
334441
In base 3, what is 1220121 - -220?
1221111
In base 5, what is 221220133 + -2?
221220131
In base 4, what is 1 - 330213331?
-330213330
In base 12, what is 12093b - 0?
12093b
In base 15, what is 33e - -94a?
c89
In base 6, what is 3 + 14051032?
14051035
In base 15, what is 131 + -12bb?
-118a
In base 11, what is 605 + -803?
-1a9
In base 8, what is 2 - 15253?
-15251
In base 4, what is -12111300 - 23?
-12111323
In base 13, what is 0 + 375bbc?
375bbc
In base 2, what is -101010100000010 - 10?
-101010100000100
In base 4, what is 103 + -122121?
-122012
In base 9, what is -1415002 + -2?
-1415004
In base 13, what is -5 + -9a85?
-9a8a
In base 16, what is -71e - -1f2?
-52c
In base 2, what is 1000011100001011 - -11?
1000011100001110
In base 13, what is -257 + 3a?
-21a
In base 6, what is 0 - 10541441?
-10541441
In base 10, what is -19891 + -4?
-19895
In base 3, what is 201 - -12110210110?
12110211011
In base 6, what is 14533 + -101?
14432
In base 2, what is -110101 - -1001110000?
1000111011
In base 4, what is -110211033 - 200?
-110211233
In base 11, what is -2 + -818?
-81a
In base 11, what is 19500 + 9?
19509
In base 6, what is -2422135 - 0?
-2422135
In base 5, what is -1 - -12102424?
12102423
In base 3, what is -10111010 + 1122010?
-1212000
In base 12, what is 1550b8 + 2?
1550ba
In base 7, what is 142260 - 20?
142240
In base 15, what is -1a50 - -3?
-1a4c
In base 4, what is -113233 + -13?
-113312
In base 16, what is -2bf7c + 0?
-2bf7c
In base 12, what is 4 + -6305?
-6301
In base 14, what is -5 + -b9a7?
-b9ac
In base 16, what is 699e3 + -4?
699df
In base 16, what is -6ee96 + -4?
-6ee9a
In base 16, what is -13a + -75?
-1af
In base 3, what is 0 + 2121100101?
2121100101
In base 16, what is -1043f + -16?
-10455
In base 9, what is -1 - -60587?
60586
In base 6, what is 2345 - -1034?
3423
In base 12, what is 42 + 2ab?
331
In base 4, what is -331 + 11333?
11002
In base 6, what is -2 + -403244?
-403250
In base 7, what is 1053213 + -6?
1053204
In base 10, what is 238 + -88?
150
In base 16, what is 15f - 3c?
123
In base 12, what is 4200209 - 5?
4200204
In base 11, what is -4 - 7087?
-7090
In base 13, wha